et v = p + j. List the prime factors of v.
2
Let p = 44 - 14. Suppose 3*n - 2*n = 3*s - 19, 0 = 2*s - 5*n - p. List the prime factors of 1596/30 - 1/s.
53
Suppose -14 = -4*o - 2*h, o + 4*h - 8 = 3*o. Suppose 0*n + 2*n - 118 = 4*w, w = o*n - 112. What are the prime factors of n?
5, 11
Let z(t) be the third derivative of -t**6/120 + 11*t**5/60 - t**4/12 - 5*t**3/6 - 4*t**2. Let a be z(11). Let q = -10 - a. List the prime factors of q.
17
Suppose 5*c = -4*n + 7818, 84*c = 86*c + 2*n - 3126. List the prime factors of c.
2, 3, 29
Suppose 0 = 89*d - 314445 - 101630. List the prime factors of d.
5, 11, 17
Let z = 124 - 144. What are the prime factors of ((-6)/1)/(3/z)?
2, 5
Let j(x) = 6*x**3 + x**2. Let u be j(-1). Let m = u + -5. Let w = m + 17. What are the prime factors of w?
7
What are the prime factors of 440/40 + 4/1?
3, 5
Suppose 3*k + 0*p = p + 11, 5*k - 17 = p. Suppose -15 = -2*r + 2*g + k, g + 1 = -r. Let q = r - -22. What are the prime factors of q?
2, 13
Suppose -6 = -0*a - 3*a. Suppose -a*y - 2 = -3*y. Suppose -l + 90 = y*l. What are the prime factors of l?
2, 3, 5
Let t(h) = -h**3 + 13*h**2 - 45*h - 434. List the prime factors of t(-9).
1753
Suppose -2*w = 5*y + 2*w + 173, -3*y - 107 = 4*w. Suppose -122 = -2*c - 3*k - 7, 2*k + 259 = 5*c. Let g = c + y. What are the prime factors of g?
2, 5
Let j(p) = 15*p - 12. Suppose 0 = -2*c - 1 + 11. What are the prime factors of j(c)?
3, 7
Suppose 3*k - 2*k = 86. Let n(i) = 11*i - 17. Let p be n(2). Suppose 4*x - k = -3*u + 73, -p*u + 3*x = -236. What are the prime factors of u?
7
Suppose 2*h - 5*j = 4145, -4*h + 4092 = 2*j - 4186. List the prime factors of h.
2, 3, 5, 23
Let l = -140 - -73. Let g = l + 132. What are the prime factors of g?
5, 13
Let j(o) = 495*o**3 - 3*o**2 + o. Let l be j(1). Suppose 4*v - l = 363. List the prime factors of v.
2, 107
Let o be (-140)/21 - (-1)/(-3). Let p(w) = w**2 + 6*w + 2. Let b be p(o). List the prime factors of (-2)/3 - (-33)/b.
3
Let w(l) = 479*l**2 + 3*l - 2. List the prime factors of w(1).
2, 3, 5
Let n(d) = -3*d**3 - 2*d**2 + d + 1. Let m be n(-2). Suppose m*i - 16*i = 26. Let g = i - -52. List the prime factors of g.
2, 13
Suppose -2*v = 5*d + 2*v - 75, 2*d + 4*v = 42. Let f = -6 + d. Suppose 264 - 29 = f*p. List the prime factors of p.
47
Let b(m) = 9*m**2 - 40. List the prime factors of b(-6).
2, 71
Suppose 1004 = 2*x + 5*r - 2*r, 3*x - 1506 = -4*r. Suppose -9*l + 92 = -x. What are the prime factors of l?
2, 3, 11
Let b be 62*1*(-12)/4. Let t = b - -315. What are the prime factors of t?
3, 43
Let n be 0 + -1 + 7 + 2. Let u be (54/n)/((-2)/(-8)). Let w = u - 14. List the prime factors of w.
13
Suppose -573 = 10*k + 267. Let q = k + 408. List the prime factors of q.
2, 3
Suppose 0 = -14*z + 17*z - 1275. List the prime factors of z.
5, 17
Let l = 530 - -2758. What are the prime factors of l?
2, 3, 137
Let f = 64 - 55. Let o(y) = y**2 + 11*y - 5. List the prime factors of o(f).
5, 7
Suppose -5*u + 112 = -98. What are the prime factors of u?
2, 3, 7
Let w = -49 - -39. Let t = 13 + w. List the prime factors of t.
3
Suppose -2*a + 5279 = -3*b, -5*a + 6*b + 13205 = b. What are the prime factors of a?
2, 661
Suppose -537 = -2*b - 5*g, -45 = 5*b + 2*g - 1419. What are the prime factors of b?
2, 3, 23
List the prime factors of 168/126*(248 - (1 + 1)).
2, 41
Let z be -8 + (2 + 0)*1. Let t = z + 17. List the prime factors of t.
11
Let u = 153 - 155. What are the prime factors of (-10)/u*(-4)/(-5) - -202?
2, 103
Suppose y - 2*q = 2*y - 5, 3*y - 4*q = 15. Let n = 21 - 4. Suppose n - y = 4*w. List the prime factors of w.
3
Suppose 1392 = 2*u + 14*u. List the prime factors of u.
3, 29
Let t(u) = -15*u**2 + 16*u**3 - 11*u**3 - 6*u**3 + 8*u + 1. List the prime factors of t(-16).
3, 43
Suppose -15*r + 18*r - 15 = 0. Suppose -211 = -r*t - 26. List the prime factors of t.
37
Suppose -28*g + 26*g = -2*u - 9436, 4724 = g + 5*u. What are the prime factors of g?
3, 11, 13
Let r(c) = -c**3 - 22*c**2 - 4*c - 4. Let y(d) = d**3 - 8*d**2 - 3*d + 2. Let f be y(8). What are the prime factors of r(f)?
2, 3, 7
What are the prime factors of 66620/180 - (-2)/(-18)?
2, 5, 37
Let d = -42 - -72. Suppose 5*w - d = 5. Suppose w*y - 9*y = -138. What are the prime factors of y?
3, 23
What are the prime factors of 10607/6 - (-4)/24?
2, 13, 17
Let i be (-1 + -21)*(-20)/40. Let t be (-8 + i)*(1 - 0). Suppose -68 = -t*m + 4. What are the prime factors of m?
2, 3
Let v = -29 + 56. Let p = v + -19. Suppose p*j = 11*j - 96. List the prime factors of j.
2
Let q = -1060 + 1533. List the prime factors of q.
11, 43
Let r = 1 - -5. Suppose r*i = 9*i - 309. Let q = i - 69. What are the prime factors of q?
2, 17
Let s(f) = f + 43. Let g be s(-7). What are the prime factors of 4/1 + -9 + g?
31
Suppose -2*c - 1300 = -3*h, -4*h + 0*h = 4*c - 1760. What are the prime factors of h?
2, 109
Let v = 2 + 70. What are the prime factors of ((-1)/3)/((-3)/v)?
2
Let a(y) be the first derivative of -7*y**5/30 - y**4/12 - y**3/3 - 2. Let v(h) be the third derivative of a(h). List the prime factors of v(-1).
2, 13
Let n(o) = -o**3 + 20*o**2 - 4*o - 67. What are the prime factors of n(19)?
2, 109
Let j(m) = -11*m + 74. Let i be j(7). List the prime factors of -1 + 0/(-5) - (-16 + i).
2, 3
Let q be -300*((-4)/10 - 6/(-5)). What are the prime factors of 3*(4/(-18))/(5/q)?
2
Let v be (-24)/16*2/3. Let n(w) = -2*w + 1. Let i be n(v). Suppose 8*t - 235 = i*t. What are the prime factors of t?
47
Let j(l) = 7*l**2 - 13*l + 15. Let w be j(7). Suppose 0 = 5*x - 38 - w. What are the prime factors of x?
61
Let t = -2637 - -4533. List the prime factors of t.
2, 3, 79
Suppose 509*g = 512*g - 768. List the prime factors of g.
2
Suppose 2*x = -2, 4*b + 0*x - 222 = -2*x. Suppose 4*y + 124 = 2*h + h, -4*h + 5*y = -164. Let u = b - h. List the prime factors of u.
2, 5
Let p = -2 + 9. Let g = -6 + -27. List the prime factors of (-2)/(-5)*(p - g).
2
Suppose -3*n - 5 = 40. Let c be 0 + -154 - (n - -15). List the prime factors of 4/(-3) + c/(-3).
2, 5
Let z(c) = -c - 13. Let f be z(-18). Suppose 0 = f*k - k - 268. List the prime factors of k.
67
Let j(c) be the third derivative of c**5/30 + c**4/24 - 2*c**3/3 - 38*c**2. List the prime factors of j(-2).
2
Let t = 1299 - -1188. List the prime factors of t.
3, 829
Let m = 782 + -262. Let l = 823 - m. What are the prime factors of l?
3, 101
What are the prime factors of 76 - -239 - (1 + -3)?
317
Suppose -4*y + 387 = -53. Let m = y + -52. List the prime factors of m.
2, 29
Suppose -574 = 4*k - 2942. List the prime factors of k.
2, 37
Let a = -49 + 90. Suppose -3*u + 314 = a. List the prime factors of u.
7, 13
Let i be ((0/(-1))/1)/(2/2). Suppose 5*b - 5*m - 755 = i, -4*b - 4*m + 597 = -m. What are the prime factors of b?
2, 3, 5
Let j = 11 - -91. Suppose 2*t - 5*t - j = 0. Let d = -19 - t. What are the prime factors of d?
3, 5
Let g(k) = 53*k - 60. List the prime factors of g(8).
2, 7, 13
Let i(s) = -9*s + 24. Let o be (1 + 1)*(1 - (-63)/(-18)). What are the prime factors of i(o)?
3, 23
Suppose 26*s = 29*s + 105. List the prime factors of (s/20 + -2)/((-3)/32).
2, 5
Let z(j) = j**2 - j + 9. Let r be z(0). Suppose -4*d - r*d = -429. What are the prime factors of d?
3, 11
Suppose -i + 6*i = a - 808, -8 = 2*i. List the prime factors of a.
2, 197
Let g(o) = 6*o**2 + 33*o - 56. List the prime factors of g(11).
1033
List the prime factors of (38367/(-54))/((-2)/4).
7, 29
Let y = -13 + 85. Suppose c + y = 323. List the prime factors of c.
251
What are the prime factors of 2/5 - 27856*10/(-100)?
2, 7, 199
Suppose 3 = -d, 0*v + 4*d = -3*v. What are the prime factors of (-53 + 0)*9/(-3) + v?
163
Let p(w) be the second derivative of w**5/20 - 11*w**4/12 + w**3/3 - 7*w**2/2 - 14*w. What are the prime factors of p(11)?
3, 5
Suppose -13*q + 9 + 17 = 0. Suppose -v + q*f + 317 = 0, -2*f = 3 - 5. What are the prime factors of v?
11, 29
What are the prime factors of (-2)/(-15) + (-3370380)/(-900)?
5, 7, 107
Suppose 0 = 5*b + 7*g - 2*g + 100, -4*g + 16 = 0. Suppose -2*p = -3*p - 8. List the prime factors of (-58)/p*b/(-3).
2, 29
Let r = -2 - -10. Suppose 0 = -2*t - 0*t - r. List the prime factors of 16*(-3 - t)*1.
2
Let q(j) = -j**3 + j**2 + 4*j - 4. Suppose 4*g - 34 + 22 = 0. Let n be q(g). Let v = 44 + n. What ar